{"id":63,"date":"2024-06-03T10:06:14","date_gmt":"2024-06-03T08:06:14","guid":{"rendered":"https:\/\/patricedecamaret.fr\/?page_id=63"},"modified":"2025-09-11T16:18:32","modified_gmt":"2025-09-11T14:18:32","slug":"mentions-legales","status":"publish","type":"page","link":"https:\/\/patricedecamaret.fr\/index.php\/mentions-legales\/","title":{"rendered":"Mentions L\u00e9gales"},"content":{"rendered":"\n<div class=\"wp-block-group alignwide pdcfloua has-global-padding is-layout-constrained wp-container-core-group-is-layout-f6f8c0cc wp-block-group-is-layout-constrained\">\n<p class=\"has-text-align-center\"><strong>En vigueur au 03\/06\/2024<\/strong><\/p>\n\n\n\n<p>La connexion et la navigation sur le Site par l\u2019Utilisateur implique acceptation int\u00e9grale et sans r\u00e9serve des pr\u00e9sentes mentions l\u00e9gales.<\/p>\n\n\n\n<p>Ces derni\u00e8res sont accessibles sur le Site \u00e0 la rubrique \u00ab <strong>Mentions l\u00e9gales<\/strong> \u00bb.<\/p>\n\n\n\n<h2 class=\"wp-block-heading has-medium-font-size\"><em><strong>&#8211; L&rsquo;EDITEUR<\/strong><\/em><\/h2>\n\n\n\n<p>L\u2019\u00e9dition et la direction de la publication du Site est assur\u00e9e par Patrice de Camaret, domicili\u00e9e 9 Boulevard Pasteur 84170 Monteux, dont le num\u00e9ro de t\u00e9l\u00e9phone est 07 71 10 86 87, et l&rsquo;adresse e-mail contact@patricedecamaret.fr En cas de r\u00e9clamation sur le contenu de ce site, vous pouvez :<\/p>\n\n\n\n<ul class=\"wp-block-list\">\n<li>envoyer un mail \u00e0 l&rsquo;adresse mail ci-dessus,<\/li>\n\n\n\n<li>utiliser le formulaire de contact du site.<\/li>\n<\/ul>\n\n\n\n<h2 class=\"wp-block-heading has-medium-font-size\"><em><strong> &#8211; L&rsquo;HEBERGEUR<\/strong><\/em><\/h2>\n\n\n\n<p>L&rsquo;h\u00e9bergeur du Site est la soci\u00e9t\u00e9 OVH France Service d&rsquo;h\u00e9bergement de site web \u00e0 Gravelines, av<strong>ec le num\u00e9ro de t\u00e9l\u00e9phone : 09 72 10 10 07  adresse mail de contact<\/strong><\/p>\n\n\n\n<h2 class=\"wp-block-heading has-medium-font-size\"><em><strong> &#8211; ACCES AU SITE<\/strong><\/em><\/h2>\n\n\n\n<p>Le Site est accessible en tout endroit, 7j\/7, 24h\/24 sauf cas de force majeure, interruption programm\u00e9e ou non et pouvant d\u00e9coulant d\u2019une n\u00e9cessit\u00e9 de maintenance. En cas de modification, interruption ou suspension du Site, l&rsquo;Editeur ne saurait \u00eatre tenu responsable<\/p>\n\n\n\n<h2 class=\"wp-block-heading has-medium-font-size\"><strong><em>&#8211; COLLECTE DES DONNEES<\/em><\/strong><\/h2>\n\n\n\n<p>Le Site assure \u00e0 l&rsquo;Utilisateur une collecte et un traitement d&rsquo;informations personnelles dans le respect de la vie priv\u00e9e conform\u00e9ment \u00e0 la loi n\u00b078-17 du 6 janvier 1978 relative \u00e0 l&rsquo;informatique, aux fichiers et aux libert\u00e9s.<\/p>\n\n\n\n<p>En vertu de la loi Informatique et Libert\u00e9s, en date du 6 janvier 1978, l&rsquo;Utilisateur dispose d&rsquo;un droit d&rsquo;acc\u00e8s, de rectification, de suppression et d&rsquo;opposition de ses donn\u00e9es personnelles. L&rsquo;Utilisateur exerce ce droit :<\/p>\n\n\n\n<ul class=\"wp-block-list\">\n<li>\u00b7&nbsp;&nbsp;&nbsp;&nbsp;&nbsp;&nbsp;&nbsp;&nbsp; par mail \u00e0 l&rsquo;adresse email support@patricedecamaret.fr<\/li>\n\n\n\n<li>\u00b7&nbsp;&nbsp;&nbsp;&nbsp;&nbsp;&nbsp;&nbsp;&nbsp; via un formulaire de contact ;<\/li>\n<\/ul>\n\n\n\n<p>Toute utilisation, reproduction, diffusion, commercialisation, modification de toute ou partie du Site, sans autorisation de l\u2019\u00e9diteur est prohib\u00e9e et pourra entra\u00een\u00e9e des actions et poursuites judiciaires telles que notamment pr\u00e9vues par le Code de la propri\u00e9t\u00e9 intellectuelle et le Code civil.<\/p>\n<\/div>\n","protected":false},"excerpt":{"rendered":"<p>En vigueur au 03\/06\/2024 La connexion et la navigation sur le Site par l\u2019Utilisateur implique acceptation int\u00e9grale et sans r\u00e9serve des pr\u00e9sentes mentions l\u00e9gales. Ces derni\u00e8res sont accessibles sur le Site \u00e0 la rubrique \u00ab Mentions l\u00e9gales \u00bb. &#8211; L&rsquo;EDITEUR L\u2019\u00e9dition et la direction de la publication du Site est assur\u00e9e par Patrice de Camaret, [&hellip;]<\/p>\n","protected":false},"author":4,"featured_media":1101,"parent":0,"menu_order":0,"comment_status":"closed","ping_status":"closed","template":"page_vide","meta":{"footnotes":""},"class_list":["post-63","page","type-page","status-publish","has-post-thumbnail","hentry"],"_links":{"self":[{"href":"https:\/\/patricedecamaret.fr\/index.php\/wp-json\/wp\/v2\/pages\/63","targetHints":{"allow":["GET"]}}],"collection":[{"href":"https:\/\/patricedecamaret.fr\/index.php\/wp-json\/wp\/v2\/pages"}],"about":[{"href":"https:\/\/patricedecamaret.fr\/index.php\/wp-json\/wp\/v2\/types\/page"}],"author":[{"embeddable":true,"href":"https:\/\/patricedecamaret.fr\/index.php\/wp-json\/wp\/v2\/users\/4"}],"replies":[{"embeddable":true,"href":"https:\/\/patricedecamaret.fr\/index.php\/wp-json\/wp\/v2\/comments?post=63"}],"version-history":[{"count":5,"href":"https:\/\/patricedecamaret.fr\/index.php\/wp-json\/wp\/v2\/pages\/63\/revisions"}],"predecessor-version":[{"id":599,"href":"https:\/\/patricedecamaret.fr\/index.php\/wp-json\/wp\/v2\/pages\/63\/revisions\/599"}],"wp:featuredmedia":[{"embeddable":true,"href":"https:\/\/patricedecamaret.fr\/index.php\/wp-json\/wp\/v2\/media\/1101"}],"wp:attachment":[{"href":"https:\/\/patricedecamaret.fr\/index.php\/wp-json\/wp\/v2\/media?parent=63"}],"curies":[{"name":"wp","href":"https:\/\/api.w.org\/{rel}","templated":true}]}}